at is 2102 - -1?
2103
In base 11, what is 26a - -2?
271
In base 6, what is -2 + -344?
-350
In base 15, what is -81 + -3?
-84
In base 11, what is -60 + 7?
-54
In base 13, what is 4 + 52?
56
In base 4, what is -230 + 2?
-222
In base 16, what is -6 + -578?
-57e
In base 4, what is -33 + -30003?
-30102
In base 8, what is -47 - 12?
-61
In base 3, what is -2 - -102000?
101221
In base 15, what is 68 + 1?
69
In base 13, what is 3 - c8?
-c5
In base 13, what is c - 9?
3
In base 8, what is 22 - 1?
21
In base 4, what is -30202 - 0?
-30202
In base 4, what is 0 + -3301?
-3301
In base 3, what is -2 + -21212?
-21221
In base 2, what is 10011011111 - -101?
10011100100
In base 11, what is -2 - -978?
976
In base 9, what is 13658 - 2?
13656
In base 4, what is 0 + 121002?
121002
In base 7, what is 13 - -541?
554
In base 13, what is 63c - -3?
642
In base 15, what is -3 + -4?
-7
In base 5, what is -4 - 2104?
-2113
In base 11, what is 68 - 4?
64
In base 15, what is 1 - -587?
588
In base 3, what is -10 + -1221?
-2001
In base 4, what is -3 - -2101?
2032
In base 5, what is 431 + 14?
1000
In base 13, what is 10 + -95?
-85
In base 4, what is 213 - -23?
302
In base 10, what is -18 + -1?
-19
In base 10, what is -3 + -53?
-56
In base 9, what is -7 + 1677?
1670
In base 3, what is -1210120 - 210?
-1211100
In base 11, what is -111 + 2?
-10a
In base 3, what is 12201 - -2?
12210
In base 14, what is -5 - 16a?
-171
In base 3, what is -12 - 200?
-212
In base 6, what is 105 + -1?
104
In base 2, what is 0 + -101001010?
-101001010
In base 12, what is -550 + -15?
-565
In base 10, what is -67 + 16?
-51
In base 12, what is 0 + -655?
-655
In base 16, what is -2 + -bb?
-bd
In base 5, what is -4 + -43321?
-43330
In base 6, what is -14 + 53?
35
In base 5, what is -12143 - 30?
-12223
In base 4, what is -20330 - 10?
-21000
In base 15, what is 4 - -28a?
28e
In base 3, what is -1012100 - -12?
-1012011
In base 7, what is 5 + 1022?
1030
In base 3, what is -2 + 220011?
220002
In base 15, what is 62c + -1?
62b
In base 5, what is 3 + -223?
-220
In base 3, what is -112 + 11?
-101
In base 4, what is -22123 + 2?
-22121
In base 13, what is -2c + -4?
-33
In base 3, what is 110 + 210101?
210211
In base 16, what is 2 - 76?
-74
In base 14, what is -6a - -10?
-5a
In base 8, what is 44213 - 0?
44213
In base 12, what is -2 - 1256?
-1258
In base 10, what is 226 - 20?
206
In base 4, what is -12311 - -11?
-12300
In base 13, what is -8ba - -4?
-8b6
In base 16, what is -6 - c?
-12
In base 14, what is -142 + 3?
-13d
In base 4, what is -20 - 201233?
-201313
In base 3, what is -12011 - -20?
-11221
In base 14, what is bd - -bb?
19a
In base 12, what is -3 - 998?
-99b
In base 13, what is -45c - 2?
-461
In base 7, what is 52 - -5?
60
In base 12, what is 2b - -197?
206
In base 4, what is -1 - 111?
-112
In base 9, what is -1 + 5854?
5853
In base 14, what is 1 - -82b?
82c
In base 16, what is -3 + 1f7?
1f4
In base 6, what is 30 + 12?
42
In base 15, what is -17ba - -4?
-17b6
In base 13, what is 10 + 1b?
2b
In base 14, what is -4 + -71?
-75
In base 3, what is 10 + 20?
100
In base 13, what is -13 - -84?
71
In base 7, what is -10 + 251?
241
In base 14, what is 14 + -4c?
-38
In base 11, what is 1649 - 4?
1645
In base 10, what is 0 - -516?
516
In base 11, what is -144 - 11?
-155
In base 13, what is 1c + 12?
31
In base 16, what is -5 - -1a?
15
In base 12, what is 4 - -89?
91
In base 14, what is -5 + -51?
-56
In base 10, what is -63 - 90?
-153
In base 16, what is -1805 + 6?
-17ff
In base 12, what is 21b - -3?
222
In base 4, what is 22 + -122113?
-122031
In base 8, what is -126 + -4?
-132
In base 3, what is -1222212 + 110?
-1222102
In base 13, what is -c + -5?
-14
In base 9, what is -68 + -1?
-70
In base 13, what is 18 - 14?
4
In base 7, what is 114 + 101?
215
In base 5, what is 42 - -2242?
2334
In base 4, what is 113010 + -11?
112333
In base 2, what is 11000001 + 100?
11000101
In base 10, what is -4 - 462?
-466
In base 12, what is -5 + 232?
229
In base 6, what is -13413 + 5?
-13404
In base 8, what is 2351 + 14?
2365
In base 11, what is -722 + 5?
-718
In base 16, what is -2 + -17?
-19
In base 10, what is 5 + -8659?
-8654
In base 6, what is -24 - 10012?
-10040
In base 12, what is 13 + -57?
-44
In base 8, what is 5 + -57?
-52
In base 10, what is 11 + 280?
291
In base 5, what is 3422 + -10?
3412
In base 11, what is 312 - 9?
304
In base 2, what is 1110011110 - 100?
1110011010
In base 11, what is -30 + -4?
-34
In base 9, what is -2 + 107?
105
In base 15, what is 4 - -124?
128
In base 11, what is 3 - 3?
0
In base 10, what is -2 - 691?
-693
In base 16, what is ac - -4?
b0
In base 12, what is -28 - 2?
-2a
In base 10, what is 3 + 9?
12
In base 4, what is 1 + -11310?
-11303
In base 10, what is 2 - -54?
56
In base 6, what is 3114 + 1?
3115
In base 8, what is -215 - -17?
-176
In base 7, what is 2 - -203?
205
In base 14, what is -226 + a?
-21a
In base 14, what is 5 + -2bc?
-2b7
In base 9, what is 1 + 207?
208
In base 8, what is -4 - 6265?
-6271
In base 8, what is -743 - 16?
-761
In base 6, what is -12540 + -5?
-12545
In base 12, what is 8 - 1155?
-1149
In base 4, what is 1001 - 131?
210
In base 12, what is -14 - -5?
-b
In base 16, what is 3 - -3aa?
3ad
In base 10, what is -32 - -2?
-30
In base 16, what is 7b0 - 6?
7aa
In base 6, what is -12 + -111?
-123
In base 10, what is 231 - 72?
159
In base 7, what is 6 + -214?
-205
In base 14, what is 326 - -3?
329
In base 4, what is -12 + 3333?
3321
In base 7, what is -1 + 24?
23
In base 6, what is -5 + 331?
322
In base 5, what is 0 - 12332?
-12332
In base 16, what is -5 - -3?
-2
In base 2, what is -110 - 101011011?
-101100001
In base 7, what is 5 + -123?
-115
In base 4, what is -2200 - 2?
-2202
In base 12, what is 2b6 - -4?
2ba
In base 12, what is a4a + -4?
a46
In base 8, what is -1233 - -3?
-1230
In base 3, what is -110 - 11?
-121
In base 2, what is 100 - -101010101000?
101010101100
In base 8, what is 1351 + -3?
1346
In base 7, what is -60414 + -3?
-60420
In base 12, what is -20 + 12?
-a
In base 3, what is 10 - 202120?
-202110
In base 12, what is a9 + -32?
77
In base 14, what is -2cb - 4?
-2d1
In base 11, what is -89 + -105?
-193
In base 12, what is 20 - -7?
27
In base 11, what is -3 + -61?
-64
In base 15, what is -187 - -4?
-183
In base 5, what is -4 - -10140?
10131
In base 2, what is 11011 - 1100?
1111
In base 12, what is -555 - -3?
-552
In base 4, what is 11022 + 32?
11120
In base 7, what is 11 - -2?
13
In base 7, what is -31 + 140?
106
In base 7, what is -2545 - 3?
-2551
In base 13, what is 18b8 + 0?
18b8
In base 8, what is 1 - -157?
160
In base 11, what is -1 + 1397?
1396
In base 6, what is -32 + 1?
-31
In base 4, what is -2020 + 11?
-2003
In base 2, what is 10000101 - 1000000?
1000101
In base 4, what is 1120 + -212?
302
In base 16, what is 5 - -de?
e3
In base 9, what is -116 - -10?
-106
In base 2, what is 100111 - 11000001?
-10011010
In base 16, what is -3 - -8bc?
8b9
In base 5, what is 1114 - 12?
1102
In base 11, what is -1 + -6aa?
-700
In base 8, what is 4 - -1?
5
In base 8, what is 2271 - -2?
2273
In base 8, what is 4 + 110?
114
In base 4, what is 1110331 - 2?
1110323
In base 2, what is -111101011 + -11?
-111101110
In base 8, what is -7 - -2407?
2400
In base 15, what is 1 - -8d?
8e
In base 6, what is 1 + -2454?
-2453
In base 14, what is -10 - 24?
-34
In base 7, what is 2 + -1626?
-1624
In base 5, what is 3 + 33420?
33423
In base 5, what is -243 - -110?
-133
In base 4, what is 213 + -2?
211
In base 10, what is -2 + -16?
-18
In base 6, what is 3500 - 4?
3452
In base 16, what is -164 - -9?
-15b
In base 14, what is 8 + -4b?
-43
In base 12, what is 445 - 3?
442
In base 13, what is 16 - 5?
11
In base 7, what is 465 - 44?
421
In base 5, what is -141232 - 3?
-141240
In base 7, what is -12 + -4531?
-4543
In base 3, what is -1 + 202?
201
In base 11, what is 41 - -2?
43
In base 15, what is 341 + 5?
346
In base 4, what is -11 - -10320?
10303
In base 12, what is 1a2 - -3?
1a5
In base 3, what is 2010 - -112?
2122
In base 7, what is 152 + 2?
154
In base 14, what is 2ab - -7?
2b4
In base 5, what is 10 + 2423?
2433
In base 8, what is 6456 - -5?
6463
In base 2, what is -1000111111 - 11?
-1001000010
In base 3, what is 12 - 10010?
-2221
In base 10, what is 168 - -11?
179
In base 6, what is 430 + -1?
425
In base 2, w